233, -4*j + 39 = o. Let d = o - 39. Calculate the remainder when 21 is divided by d.
5
Let i = -14 - 39. Let s = -34 - i. What is the remainder when 92 is divided by s?
16
Suppose 0*v = 5*v. Suppose v = -3*h + 132 + 213. What is the remainder when h is divided by 30?
25
Let b = -21 - -29. Let p(z) = -3*z - 15. Calculate the remainder when p(-10) is divided by b.
7
Suppose 2 - 5 = j. Let h(i) = -3*i**3 - 5*i**2 + 5. Calculate the remainder when h(j) is divided by 28.
13
Suppose 5 = -2*x + 7*x. Calculate the remainder when -3 + ((-14)/(-35))/((-1)/(-10)) is divided by x.
0
Let j(a) = 2*a**3 + 11*a**2 + a + 4. What is the remainder when 37 is divided by j(-5)?
13
What is the remainder when 32 is divided by (-64)/6*(-177)/236?
0
Let c = 88 + -88. Let k = -10 + 6. What is the remainder when 48 is divided by 17 + k/8*c?
14
Suppose -3*i - 1 = -4*i. Suppose 0 = w + i - 5. Suppose -6 = -w*j - 2. Calculate the remainder when 2 is divided by j.
0
Suppose -3*k = -4*k + 36. What is the remainder when 106 is divided by k?
34
Let m(l) be the second derivative of 14*l**4/3 - l**2/2 + l. What is the remainder when m(1) is divided by 19?
17
Let w(t) = 12*t**2 + 22*t + 35. What is the remainder when w(-8) is divided by 35?
32
Suppose 2*t = -6*t + 160. Suppose 5*l - t - 70 = 0. Calculate the remainder when l is divided by 2.
0
Let n(c) = -5*c - 15. Let w be n(-11). Let g(s) = 20 - 3*s - w + 12. What is the remainder when 13 is divided by g(-5)?
6
Let s = -52 + 56. Suppose -2*t - 7*o + s*o + 52 = 0, 71 = 3*t + o. Calculate the remainder when 65 is divided by t.
19
Let u(a) = -a**2 - a - 3. Let s be u(-3). Calculate the remainder when (-88)/12*s + -3 is divided by 17.
12
Let r(z) = -z**2 + 12*z - 10. Calculate the remainder when 29 is divided by r(10).
9
Let f be 2/(-2) + (5 - 1). Suppose -4*h = -5*h - 5*r - 6, 3*h - 6 = -f*r. What is the remainder when 84 is divided by (-5 + h)/((-1)/29)?
26
Suppose 0 = -3*s - 4*m + 73 + 38, 3*m + 37 = s. What is the remainder when 50 is divided by s?
13
Let r = 28 + -17. Suppose 1066 = 160*z - 134*z. What is the remainder when z is divided by r?
8
Let b = 67 + -64. Calculate the remainder when 29 is divided by (b/(-18))/(4/16)*-15.
9
Let d = 411 - -79. What is the remainder when d is divided by 82?
80
Suppose l = -7 + 9. Suppose 0 = l*s - 18 - 0. What is the remainder when 33 is divided by s?
6
Suppose 0 = y + 5*m - 2, 59*m = 3*y + 58*m - 70. Let q = -1 + 42. Calculate the remainder when q is divided by y.
19
Let m be 2/5 - 46/(-10). Suppose 3*j = -4*t + 22, m*j + t = 16 - 2. Suppose -7 + 31 = 4*f. Calculate the remainder when f is divided by j.
0
Let a(n) = -1 + 2 + 774*n + 6*n**2 - 8 - n**3 - 754*n. Calculate the remainder when a(8) is divided by 15.
10
Suppose -4*v = 10 - 34. Let t(i) = -i**2 + 7*i - 2. What is the remainder when t(v) is divided by 2?
0
Suppose -13*i + 756 = 197. Suppose -i*y + 34 = -41*y. Calculate the remainder when 33 is divided by y.
16
Let r = 631 + -537. Calculate the remainder when r is divided by 9.
4
Let u(g) = -g**2 - 16*g + 5. Calculate the remainder when u(-10) is divided by 14.
9
Suppose 3*g - 21 = 2*h, 3*h - g + 18 + 10 = 0. Let y(w) = -w**2 + 7*w + 10. What is the remainder when -102*(12/h)/2 is divided by y(7)?
8
Suppose 2*p + 4*d - 78 = 0, -10*p = -11*p + 2*d + 43. Calculate the remainder when 148 is divided by p.
25
Let n(z) = 3*z - 6. What is the remainder when (2 - -2) + -5 - -58 is divided by n(7)?
12
Let h(t) = t - 31. What is the remainder when 1208 is divided by h(38)?
4
Let x = -23 + 26. Suppose -x*n + 9*n = 0. Suppose -2*b + 0*b + 220 = n. Calculate the remainder when b is divided by 28.
26
Let k(a) = a**3 + 22*a**2 + 18*a + 10. Suppose 0 = -n - 14 - 7. Calculate the remainder when k(n) is divided by 38.
35
Let b(q) = -55*q**3 + q**2 - q - 1. Let n be b(-1). Let k = -55 + 59. Suppose w = 3*z - w - 17, -n = -4*z - k*w. What is the remainder when 26 is divided by z?
8
Let z be ((-56)/(-35))/((-2)/(-195)). Suppose -r + t + 56 = 0, -3*r + z + 18 = 3*t. Calculate the remainder when r is divided by (-5)/(-4)*(14 + -2).
12
Let h = -67 - -69. Suppose -96 - h = -2*w. What is the remainder when w is divided by (-16 + (-3 - -2))*-1?
15
Suppose -21 = 7*j + 329. Let w = j - -54. What is the remainder when 22 is divided by w?
2
Suppose -7*i + 95 + 458 = 0. Let j(q) = -2*q + 27. Calculate the remainder when i is divided by j(0).
25
Let c = 291 - 69. Calculate the remainder when c is divided by 112.
110
Let v(m) = -70*m + 437. Suppose 0 = 3*x - 79 - 56. What is the remainder when x is divided by v(6)?
11
Suppose 2*y - 220 = -8*y. Suppose 4 + 0 = 2*r. Suppose -r*d - 4*t = -44, -13 - 52 = -5*d - t. Calculate the remainder when y is divided by d.
10
Let d = 2121 + -1470. Calculate the remainder when d is divided by 33.
24
Let o = 34 - -30. Calculate the remainder when o is divided by 11/(2 - 3/3).
9
Suppose -2*n - 1 + 37 = 0. Let w be 8/24 + 46/6. Let p(y) = y**2 + 4. Calculate the remainder when p(w) is divided by n.
14
Let f(d) = -d**2 + 23*d - 13. Let b be f(22). Suppose b*q - 2*q = 63. Suppose 16 = -0*s + 4*s. Calculate the remainder when q is divided by s.
1
Suppose w = 4*p - 2*w - 127, 67 = 2*p - 5*w. Calculate the remainder when 617 is divided by p.
28
Let i = -47 + 67. Let o(d) be the third derivative of 7*d**4/24 - d**3 + d**2. Calculate the remainder when o(12) is divided by i.
18
Calculate the remainder when 136 is divided by 966/(-175)*-5 + 2/5.
24
Let b = 333 + -219. Calculate the remainder when b is divided by 3.
0
Let y(r) = 7*r + 9. Let o be y(-11). Let w = 109 + o. What is the remainder when w is divided by 22?
19
Let q = -17 + 17. Let u be 0 - (q + 3 + -12). Let g = u - -5. What is the remainder when 54 is divided by g?
12
Let h(s) = 35*s - 21. Calculate the remainder when h(4) is divided by -16*(0 + (-4)/8).
7
Suppose -36*x = -16*x - 540. What is the remainder when 512 is divided by x?
26
Suppose -33*j + 43 = -188. Calculate the remainder when 62 is divided by j.
6
Let f = -2585 - -2722. Calculate the remainder when f is divided by 29.
21
Calculate the remainder when 286 is divided by 41/(-6)*(56/(-7) - -2).
40
Suppose -2*j - 1 = -3. Suppose -5*y + 33 = 4*s, 2*s + 5*y = -s + 31. What is the remainder when s is divided by j/(-4)*(-24 + 16)?
0
Let z(d) = 3*d**3 - 2*d**2 - 2*d + 1. Let k be z(-1). Calculate the remainder when 124 is divided by (16/(-32))/(k*1/84).
19
Let o(i) = -2*i**2 + 2*i + 2. Let k be o(-3). Let q = 62 + k. Calculate the remainder when q is divided by 7.
5
Suppose 211*s - 207*s = -3*q + 231, -39 = -s + 3*q. What is the remainder when 303 is divided by s?
33
Let p be (-12)/10*5/2. Let l(g) = -g + 3. What is the remainder when l(p) is divided by 3?
0
Let d(f) = f**2 + f + 4. Let q be (20/3)/(6/18). Let u = q + -25. Calculate the remainder when d(u) is divided by 13.
11
Let n(f) = -4*f + 4. Suppose -2*a - x = -7*a - 35, 5*a + 5 = -5*x. Let p be n(a). Suppose -7*b + 3*b + p = 0. What is the remainder when b is divided by 4?
3
Let k(c) = 5*c - 101. What is the remainder when 11 is divided by k(21)?
3
Suppose 5*j - 8 = -4*w - 3, -2*j - 2*w = 0. Suppose 3*n - 3*a - 36 = 0, 23 = j*n - 3*n - 3*a. Calculate the remainder when 32 is divided by n.
6
Let a(p) = -p**3 - 7*p**2 + 8*p + 5. Let t be 0 + -4 - (-9)/(-3). Let v be a(t). Let n = v - -73. Calculate the remainder when n is divided by 6.
4
Let k(a) = -31*a + 8. Calculate the remainder when 806 is divided by k(-3).
99
Suppose p + 3*r = 11, -3*r - r + 8 = 0. Let n = p + 1. What is the remainder when 2/(-2*1/(-17)) is divided by n?
5
Suppose 16*b + 648 = 70*b. Calculate the remainder when 111 is divided by b.
3
Let z(q) = -25*q - 62. Let k = -4 + 13. Calculate the remainder when z(-3) is divided by k.
4
Let v be (-11392)/112 + 2/(-7). Calculate the remainder when 82 is divided by ((-2)/3)/(4/v).
14
Let p(b) = -b**3 - 15*b**2 - 28*b - 21. Let t be p(-13). Let w = -6 - -19. What is the remainder when t - 0 - 36/(-2) is divided by w?
10
What is the remainder when (-3)/((-15)/125*(-6)/(-42)) is divided by 35?
0
What is the remainder when 21 is divided by (1 + -2)*(-3 - 3)?
3
Suppose -2*s + 15 = -u + 36, -4*u = -4*s - 40. Let w(r) = -2*r - 6. Calculate the remainder when 78 is divided by w(s).
14
Let x(b) = -63*b + 599. What i